t is the units digit of f?
8
Let f = 5 + -11. Let b = f + 16. What is the units digit of b?
0
Let x(i) = -i - 1. Let c be x(-2). Let w = c - -3. Suppose w*b = -b + 5. What is the units digit of b?
1
Let u(h) = -h - 3. What is the units digit of u(-12)?
9
Let g = -13 - -22. Let q = g - 4. Suppose q*x = 3*x + 14. What is the units digit of x?
7
Let d be (-4)/(-10) + (-9)/(-15). Let p be -1 + (-5)/d*-1. Suppose -3*x + 0*b + 2*b = p, -28 = -4*x - 4*b. What is the units digit of x?
2
Let y be (-447)/(-18) - (-1)/6. Let l = y - 0. What is the units digit of l?
5
Let v = -46 - -89. What is the units digit of v?
3
Suppose -190 = -3*l - 28. Suppose 46 = 4*w - l. What is the units digit of w?
5
Let m(o) = -o**3 - o**2 + o - 4. Let a be m(0). Let l = a + 5. What is the units digit of l?
1
Let g(b) = -b**3 + 7 + 3*b**3 + 10*b + 3*b**2 - 10*b**2 - 3*b**3. Let h be g(-8). What is the units digit of (6 - 4)/((-2)/h)?
9
Let o be (-22)/(-11) + (32 - 0). Suppose -2*k - 5*g = -40, 0*g - 4*g - o = -5*k. What is the tens digit of k?
1
Let y(w) be the first derivative of 11*w**2/2 + 3*w - 3. What is the units digit of y(3)?
6
Let b(y) = 3*y**2 - 8*y - 3. What is the units digit of b(6)?
7
Let d(i) = -i**2 - 6*i + 1. Let k be d(-6). Let x be -8 + 7 + k*13. Suppose 4*c + x = 48. What is the units digit of c?
9
Let i = -18 + 13. Let w(v) be the second derivative of -v**5/20 - v**4/2 - 7*v**3/6 - 7*v**2/2 - 3*v. What is the units digit of w(i)?
3
Let d = -22 + 25. Suppose -b = d*m + 3*b - 159, 0 = 3*m - b - 144. What is the tens digit of m?
4
Let u = 5 - 3. Suppose 14 = 2*o - 2*y, -2*y = 4*o + y - 42. Suppose u*s - 5*s = -o. What is the units digit of s?
3
Let z(f) = -8*f - 26. What is the tens digit of z(-7)?
3
Let s(v) = v**2 - 4*v - 5. Let z be s(5). Let r = z + 4. What is the units digit of 2 + -2 + r/2?
2
Suppose 5*l - 290 = -2*a, 3*l + 2*l = 2*a + 310. What is the tens digit of l?
6
Suppose b = 5*b - 12. Let z be b/(-4) + 83/4. Let i = z + -13. What is the units digit of i?
7
Suppose -4*u + 5*w = u + 5, 0 = 4*u - w + 1. Suppose -2*p + 8*p - 312 = u. What is the units digit of p?
2
Let w(i) = 28*i - 8. What is the tens digit of w(3)?
7
Let v = -7 + 12. Suppose -h - 20 = -v*h. What is the units digit of h?
5
Let q(c) = 2*c**2 + 9*c - 15. What is the tens digit of q(4)?
5
Let c(q) = -21*q - 2. Let p(l) = 10*l + 1. Let t(g) = 2*c(g) + 5*p(g). What is the tens digit of t(2)?
1
Suppose 4*s - 105 = 71. Let g = -19 + s. Suppose g = 2*v + 9. What is the units digit of v?
8
Let d(u) be the second derivative of u**5/60 - u**4/24 + u**3/3 + 2*u**2 - 4*u. Let x(g) be the first derivative of d(g). What is the units digit of x(3)?
8
Suppose -2*g = 3*g + 35. What is the units digit of (-4)/14 + (-72)/g?
0
What is the hundreds digit of -7*(-27 + 0/(-5))?
1
Suppose -x = -2 - 3. Suppose 0 = -4*v + x*v - 18. Suppose -18 = -3*q + v. What is the tens digit of q?
1
Let b(l) = 15*l - 6. What is the units digit of b(5)?
9
Let t(w) = -w**3 - 5*w**2 + w. Let y be t(-3). Let i = y - -34. What is the units digit of i?
3
Suppose 3*o + 283 = -5*y - 26, 2*y = o - 128. Let l = 90 + y. What is the units digit of l?
7
Suppose 4*q + 14 = 6*q. What is the units digit of q?
7
Suppose 25 = 5*p, -h - 3*h - 5*p = -37. Suppose 7*q = -4*a + h*q + 112, 0 = -2*a - 3*q + 58. What is the units digit of a?
6
Suppose -4*v - h + 180 = 3*h, -h + 237 = 5*v. What is the tens digit of v?
4
Let q be (-215)/(-7) + (-8)/(-28). Suppose -2 = -3*x + q. What is the tens digit of x?
1
Suppose 0 = -5*h + 2*h. Suppose h = -5*o + n - 7, 9*o - 4*o + 11 = 3*n. What is the units digit of 2 + (-1)/(0 - o)?
1
Suppose 2*k + 4 = 3*k. Suppose 2*o + 12 = k*o. What is the units digit of o?
6
Suppose -3*b + 0 - 5 = g, 0 = 4*b + 12. What is the units digit of g?
4
Suppose -2*f + 6 = 2. Suppose 2*z - 111 = -3*c, f*z = c + 3*z - 37. What is the tens digit of c?
3
Let w = 12 + -10. Suppose 0 = 2*y - 5*n - 100, 3*y + n - 57 = w*y. What is the tens digit of y?
5
Suppose -2*i = -3*m - 7 - 12, 2*m = 4*i - 18. Suppose 0 = 2*g - 3*v - 11, -4*g + 0*v = i*v - 14. What is the units digit of g?
4
Let h(y) = -2*y**2 - 2 - 2*y - 2 + 3 - 4*y**3. Let i be h(-2). Let k = i + -16. What is the tens digit of k?
1
Suppose 5 = -5*d + 3*m + 2*m, -d - 5*m = -11. Suppose -7 + d = 2*n. Let j(h) = h + 4. What is the units digit of j(n)?
1
Suppose l - 81 = 4*v + v, 265 = 3*l - 4*v. What is the units digit of l?
1
Let o be 4/(-3)*-2*18. Suppose a + o = 4*a. What is the tens digit of a?
1
Suppose -4 = -g - 0. Suppose 0 = -4*b + 4 + g. Let r = b + 9. What is the units digit of r?
1
Let z be 18/(-4)*48/18. Let i = z - -27. Suppose -3*h = -6*h + i. What is the units digit of h?
5
Let d = 7 - 2. Suppose -16 - 14 = -d*q. What is the units digit of q?
6
Let x(z) = -z**2 + 6*z + 5. Let a be x(6). Suppose 22 = -5*b - 5*l - 38, 48 = -a*b + l. Let g(r) = -r**2 - 12*r - 10. What is the tens digit of g(b)?
1
Let x = 20 + 3. What is the tens digit of x?
2
Suppose 4*t - 16 = 0, 0 = -z + 4*z + t - 10. Suppose 0 = 4*k - k - 24. What is the units digit of ((1 - 2) + z)*k?
8
Suppose 195 = 2*z - 0*u + 5*u, -3*u - 203 = -2*z. What is the units digit of z?
0
Let l(j) = -j + 22. Let b be l(0). Let v = -16 + b. What is the units digit of v?
6
Suppose 2*c - 18 = 3*s, -2*c - c - 3*s = -27. Suppose 3*k = -c, 4*a - 2*k = 2*a + 32. What is the tens digit of a?
1
Let t(x) = x**3 - 2*x**2 - x - 1. What is the units digit of t(4)?
7
Let k be -1*(-7 + 3 + -2). Suppose 32 = k*j - 2*j. What is the units digit of j?
8
Suppose 0*v + 4*v + w = 696, 3*v - 522 = -3*w. What is the hundreds digit of v?
1
What is the tens digit of 6/3 - -33 - (-4 - -4)?
3
Let c(i) be the second derivative of -i**5/20 - i**4/3 - i**3/3 - 5*i**2/2 - 3*i. Let y = 5 + -9. What is the units digit of c(y)?
3
Suppose 3 = -q + 7. What is the units digit of (106/q - 4)*2?
5
Let z be (-3 + -9)*(-8)/6. Let x = 28 - z. What is the units digit of x?
2
Let h(y) = -y**3 + 7*y**2 + 4*y + 7. What is the tens digit of h(6)?
6
Suppose 0 = -3*f + 30 - 18. Suppose 4*k - 31 = -7. Suppose k*h - f*h = 14. What is the units digit of h?
7
What is the tens digit of (-5 - -3 - 3) + 24?
1
Let z(b) = -35*b**3 - 3*b**2 + 2. Let p be z(-2). Suppose -5*n = -p - 80. Suppose 3*t - 4 = s - 26, 5*t = 5*s - n. What is the tens digit of s?
1
Let k(d) = -8*d. Let i be (1/(-2))/((-1)/2). Let a = 0 - i. What is the units digit of k(a)?
8
Let i be (-17 - -15) + 2/1. Suppose i = -m + 4*m - 96. What is the tens digit of m?
3
Let p = -12 + 21. Let t = 5 - p. Let s(c) = c**3 + 3*c**2 - 4*c + 5. What is the units digit of s(t)?
5
Let w = 19 - 11. Let b(y) = -y**2 + 7*y + 10. Let k be b(w). Suppose 55 - 23 = k*d. What is the units digit of d?
6
Let r be -4*(3 + -1 - 3). Let h = r + 0. What is the units digit of h?
4
Let q be 2/(-5) + (-27)/(-5). Suppose 5*u + 3 = -2*r - 4, -2*r + 2*u + 28 = 0. Suppose -r = -q*g + 6. What is the units digit of g?
3
Suppose 41 - 101 = -5*p. What is the units digit of (-2)/((-2)/p*4)?
3
Let n(u) = 2*u**3 - u**2 - 1. Let v be n(2). Let k = v + -3. What is the units digit of k?
8
Let h(i) = -3*i + 1. What is the tens digit of h(-5)?
1
Let j be (372/18)/((-6)/(-45)). Suppose -69 = -7*u + j. What is the units digit of u?
2
Let u(h) = 5*h - 12. Let m be u(6). What is the tens digit of 202/m - (-4)/(-18)?
1
Let l(b) = 39*b. What is the units digit of l(3)?
7
Suppose 0 = -3*u - 5*g + 18, 3*u - 4*u - 5 = -2*g. What is the units digit of u?
1
Let i = 32 - 0. What is the units digit of i?
2
Let w = -8 + 11. Suppose -5*c + p - w = 3*p, 2*c - 3*p - 14 = 0. What is the units digit of c?
1
What is the units digit of (2 + -1)*(20 - 11)?
9
Suppose 5*i = 10, -28 = 5*k - 5*i - 158. Let w = -15 + k. What is the units digit of w?
3
Let f(j) = 2*j**2 + 5*j + 4. Let n(t) be the first derivative of -t**4/4 + 5*t**3/3 + 7*t**2/2 - 9*t - 3. Let g be n(6). What is the units digit of f(g)?
7
Let b be (16/(-10))/(4/(-10)). Suppose b*g - 9 = 7. What is the units digit of g?
4
What is the tens digit of 438/14 - (-4)/(-14)?
3
Let n(b) = 85*b**2 + b. What is the tens digit of n(-1)?
8
Let m be ((-3)/(-3))/((-6)/(-36)). Let a = 11 - m. What is the units digit of a?
5
Let z(l) = 2*l**3 - l**2 - l + 1. Let o be z(1). Let b(j) = 8*j**2. Let x be b(o). Let s = x + -5. What is